{"id":445,"date":"2017-02-13T03:48:05","date_gmt":"2017-02-13T03:48:05","guid":{"rendered":"http:\/\/www.urion.com.ar\/ti17\/?page_id=445"},"modified":"2022-12-09T12:23:31","modified_gmt":"2022-12-09T15:23:31","slug":"servicio-i","status":"publish","type":"page","link":"https:\/\/www.tusidolos.com\/?page_id=445","title":{"rendered":"Organizaci\u00f3n de eventos"},"content":{"rendered":"<p>Las m\u00e1s prestigiosas empresas, gobiernos e instituciones deportivas confiaron en nosotros para la realizaci\u00f3n de distintas acciones, espect\u00e1culos y campa\u00f1as.<\/p>\n<p><!--more--><\/p>\n<p><strong>Para consultas, pod\u00e9s llamar al 11 2133 8671 o escribirnos por mensaje de WhatsApp al 11 3446 8080<\/strong><\/p>\n<p>Tus Idolos es una empresa especializada en la organizaci\u00f3n de eventos . Una de sus \u00e1reas se especializa en la producci\u00f3n, organizaci\u00f3n y realizaci\u00f3n general de eventos, como lo fueron el <a href=\"https:\/\/www.youtube.com\/watch?v=jz0S_Wq6UVs\" target=\"_blank\" rel=\"noopener\">Marcos Di Palma Fan Day<\/a>\u00a0en el 2011, <a href=\"https:\/\/www.youtube.com\/watch?v=SWrf2EADgjQ\" target=\"_blank\" rel=\"noopener\">el Congreso de L\u00edderes Deportivos 2012<\/a>, el ciclo de Conferencias de L\u00edderes Deportivos en el 2013 y 2014 con <a href=\"https:\/\/www.youtube.com\/watch?v=Po93ZjCi9VU\" target=\"_blank\" rel=\"noopener\">Pep Guardiola, Manel Estiarte<\/a>, <a href=\"https:\/\/www.youtube.com\/watch?v=3n25weLSlNA\" target=\"_blank\" rel=\"noopener\">Alejandro Sabella y Julio Lamas<\/a> y la <a href=\"https:\/\/www.youtube.com\/watch?v=smxk2xpHC8w\" target=\"_blank\" rel=\"noopener\">Expo Boca<\/a> en el 2016. Y otra de las \u00e1reas se dedica en la generaci\u00f3n de ideas y acciones innovadoras para distintas empresas a trav\u00e9s de la participaci\u00f3n de las figuras que trabajan con nosotros.<\/p>\n<p><span style=\"color: #ffcc00;\"><strong>EVENTOS PRODUCIDOS Y ORGANIZADOS POR NOSOTROS<\/strong><\/span><\/p>\n<p><a href=\"https:\/\/www.youtube.com\/watch?v=Po93ZjCi9VU\" target=\"_blank\" rel=\"noopener\">-Pep Guardiola y Manel Estiarte. Ciclo de Conferencias de L\u00edderes Deportivos. 2013<\/a><br \/>\n<a href=\"https:\/\/www.youtube.com\/watch?v=PLF0smJftVo\" target=\"_blank\" rel=\"noopener\">-Alejandro Sabella y Julio Lamas.\u00a0Ciclo de Conferencias de L\u00edderes Deportivos. 2014<\/a><br \/>\n<a href=\"https:\/\/www.youtube.com\/watch?v=SWrf2EADgjQ\" target=\"_blank\" rel=\"noopener\">-Alejandro Sabella, Julio Lamas, Javier Weber, Guillermo Vilas, Javier Sotomayor y Gonzalo Bonadeo. Congreso de L\u00edderes Deportivos 2012 en Buenos Aires y Rosario.<\/a><br \/>\n<a href=\"https:\/\/www.youtube.com\/watch?v=smxk2xpHC8w\" target=\"_blank\" rel=\"noopener\">-Expo Boca. Noviembre 2016<\/a><br \/>\n<a href=\"https:\/\/www.youtube.com\/watch?v=jz0S_Wq6UVs\">-Marcos Di Palma Fan Day. 2011<\/a><br \/>\n-La Carrera del A\u00f1o. Top Race. Aut\u00f3dromo de Buenos Aires. 2008, 2009 y 2010.<br \/>\n<a href=\"https:\/\/www.youtube.com\/watch?v=EdRLPbruB-o\" target=\"_blank\" rel=\"noopener\">-TN en el Vaticano. Visita de una delegaci\u00f3n del Turismo Nacional al Papa Francisco. 2014.<\/a><br \/>\n-Partido homenaje a Ariel Ortega en 9 de julio. Participaci\u00f3n de Enzo Francescoli y otras figuras. 2013<br \/>\n<a href=\"https:\/\/www.youtube.com\/watch?v=mUf8lpXHCTk\" target=\"_blank\" rel=\"noopener\">-Guinness World Record con Roberto Pettinato y Laurita Fern\u00e1ndez. Tinturas 317.<\/a><\/p>\n<p><span style=\"color: #ffcc00;\"><strong>CONTRATACIONES DE DEPORTISTAS<\/strong><\/span><\/p>\n<p>-Mart\u00edn Palermo. Charla para Laboratorio Merck.<br \/>\n-Mart\u00edn Palermo. Ciclo de charlas y exhibiciones para la Municipalidad de San Miguel<br \/>\n-Mart\u00edn Palermo. Charla para la Municipalidad de Saladillo.<br \/>\n-Mart\u00edn Palermo. Charla, exhibici\u00f3n y cl\u00ednica para Knauff. Ciudad de Buenos Aires.<br \/>\n<a href=\"https:\/\/www.youtube.com\/watch?v=TNLmQIoLJ_o\" target=\"_blank\" rel=\"noopener\">-Daniel Osvaldo y Roberto Pettinato. Participaci\u00f3n en la campa\u00f1a El TN pinta bien.<\/a><br \/>\n<a href=\"https:\/\/www.youtube.com\/watch?v=W1XQA-CKz6U\" target=\"_blank\" rel=\"noopener\">-Cachito Vigil. Charla en la Universidad Nacional del Litoral.<\/a><br \/>\n-Juan Pablo Varsky. Locuci\u00f3n para Waze, aplicaci\u00f3n de Google.<br \/>\n-Alejandro Fantino, Oscar Ruggeri y Rifle Varela. Charla sobre la violencia en el Congreso Nacional.<br \/>\n-Oscar Ruggeri. Campa\u00f1a de Comunicaci\u00f3n Interna para Knorr con videos motivacionales.<br \/>\n-Oscar y Candela Ruggeri. Charla para Knorr en Los Cardales.<br \/>\n-Eber Ludue\u00f1a, Horacio Elizondo y Eduardo Sacheri para Banco Hipotecario.<br \/>\n-Marcos Di Palma. Campa\u00f1a publicitaria para tinturas 317.<br \/>\n-Marcos Di Palma. Charla y competencia de karting para Intel y Lenovo.<br \/>\n<a href=\"https:\/\/www.youtube.com\/watch?v=rKWKoKi5hr8\" target=\"_blank\" rel=\"noopener\">-Atletas ol\u00edmpicos en presentaci\u00f3n del equipo de automovilismo Ford.<\/a><br \/>\n-Felipe Pigna y Mart\u00edn Wullit para Knauff en Mendoza.<br \/>\n-Sergio Lapeg\u00fce y Rifle Varela para Knauff en Costa Salguero.<br \/>\n-Marcos Di Palma, Jorge Griffa y Julio Lamas. Jornada Agr\u00edcola Ganadera en Rosario.<br \/>\n<a href=\"https:\/\/www.youtube.com\/watch?v=qcjISBnUENo\" target=\"_blank\" rel=\"noopener\">-Irena Villa. Charla en el Hotel Boca.<\/a><br \/>\n-Glorias del f\u00fatbol argentino en Fiesta del Deporte en localidad de Freire.<br \/>\n-Glorias del f\u00fatbol argentino en evento para empresas del Grupo Newsan en el predio de la AFA.<br \/>\n-Roberto Mouzo. Cl\u00ednica y charla en la localidad de El Tr\u00e9bol.<br \/>\n-Julio Lamas. Charla motivacional para equipo de automovilismo SEAT.<br \/>\n-Las Leonas. Charla y cl\u00ednica en la localidad de Chab\u00e1s.<br \/>\n-Las Leonas. Charla y cl\u00ednica en Las Parejas.<br \/>\n-Pato Fillol. Charla de trabajo en equipo y liderazgo para empresa de tecnolog\u00eda Druidics.<br \/>\n-Bambino Veira. Charla y almuerzo para empleados de Danone.<br \/>\n-Jacques Villeneuve. Participaci\u00f3n en la Carrera del A\u00f1o de Top Race.<\/p>\n<p><span style=\"color: #ffcc00;\"><strong>MEDIOS<\/strong><\/span><\/p>\n<p><a href=\"https:\/\/www.youtube.com\/playlist?list=PLml081v9K13yU8cOsdaKgckE7D3p39Nz_\" target=\"_blank\" rel=\"noopener\">-Tus Idolos TV en canal Metro<\/a><br \/>\n-Revista Tus Idolos<br \/>\n-Suplementos en diario Ol\u00e9<br \/>\n-Revista Corsa<\/p>\n","protected":false},"excerpt":{"rendered":"<p>Las m\u00e1s prestigiosas empresas, gobiernos e instituciones deportivas confiaron en nosotros para la realizaci\u00f3n de distintas acciones, espect\u00e1culos y campa\u00f1as.<\/p>\n","protected":false},"author":1,"featured_media":543,"parent":0,"menu_order":0,"comment_status":"closed","ping_status":"closed","template":"","meta":{"footnotes":""},"class_list":["post-445","page","type-page","status-publish","has-post-thumbnail","hentry"],"aioseo_notices":[],"_links":{"self":[{"href":"https:\/\/www.tusidolos.com\/index.php?rest_route=\/wp\/v2\/pages\/445","targetHints":{"allow":["GET"]}}],"collection":[{"href":"https:\/\/www.tusidolos.com\/index.php?rest_route=\/wp\/v2\/pages"}],"about":[{"href":"https:\/\/www.tusidolos.com\/index.php?rest_route=\/wp\/v2\/types\/page"}],"author":[{"embeddable":true,"href":"https:\/\/www.tusidolos.com\/index.php?rest_route=\/wp\/v2\/users\/1"}],"replies":[{"embeddable":true,"href":"https:\/\/www.tusidolos.com\/index.php?rest_route=%2Fwp%2Fv2%2Fcomments&post=445"}],"version-history":[{"count":20,"href":"https:\/\/www.tusidolos.com\/index.php?rest_route=\/wp\/v2\/pages\/445\/revisions"}],"predecessor-version":[{"id":1433,"href":"https:\/\/www.tusidolos.com\/index.php?rest_route=\/wp\/v2\/pages\/445\/revisions\/1433"}],"wp:featuredmedia":[{"embeddable":true,"href":"https:\/\/www.tusidolos.com\/index.php?rest_route=\/wp\/v2\/media\/543"}],"wp:attachment":[{"href":"https:\/\/www.tusidolos.com\/index.php?rest_route=%2Fwp%2Fv2%2Fmedia&parent=445"}],"curies":[{"name":"wp","href":"https:\/\/api.w.org\/{rel}","templated":true}]}}

Organización de eventos

<p>Las más prestigiosas empresas, gobiernos e instituciones deportivas confiaron en nosotros para la realización de distintas acciones, espectáculos y campañas.</p>
<p><!--more--></p>
<p><strong>Para consultas, podés llamar al 11 2133 8671 o escribirnos por mensaje de WhatsApp al 11 3446 8080</strong></p>
<p>Tus Idolos es una empresa especializada en la organización de eventos . Una de sus áreas se especializa en la producción, organización y realización general de eventos, como lo fueron el <a href="https://www.youtube.com/watch?v=jz0S_Wq6UVs" target="_blank" rel="noopener">Marcos Di Palma Fan Day</a> en el 2011, <a href="https://www.youtube.com/watch?v=SWrf2EADgjQ" target="_blank" rel="noopener">el Congreso de Líderes Deportivos 2012</a>, el ciclo de Conferencias de Líderes Deportivos en el 2013 y 2014 con <a href="https://www.youtube.com/watch?v=Po93ZjCi9VU" target="_blank" rel="noopener">Pep Guardiola, Manel Estiarte</a>, <a href="https://www.youtube.com/watch?v=3n25weLSlNA" target="_blank" rel="noopener">Alejandro Sabella y Julio Lamas</a> y la <a href="https://www.youtube.com/watch?v=smxk2xpHC8w" target="_blank" rel="noopener">Expo Boca</a> en el 2016. Y otra de las áreas se dedica en la generación de ideas y acciones innovadoras para distintas empresas a través de la participación de las figuras que trabajan con nosotros.</p>
<p><span style="color: #ffcc00;"><strong>EVENTOS PRODUCIDOS Y ORGANIZADOS POR NOSOTROS</strong></span></p>
<p><a href="https://www.youtube.com/watch?v=Po93ZjCi9VU" target="_blank" rel="noopener">-Pep Guardiola y Manel Estiarte. Ciclo de Conferencias de Líderes Deportivos. 2013</a><br />
<a href="https://www.youtube.com/watch?v=PLF0smJftVo" target="_blank" rel="noopener">-Alejandro Sabella y Julio Lamas. Ciclo de Conferencias de Líderes Deportivos. 2014</a><br />
<a href="https://www.youtube.com/watch?v=SWrf2EADgjQ" target="_blank" rel="noopener">-Alejandro Sabella, Julio Lamas, Javier Weber, Guillermo Vilas, Javier Sotomayor y Gonzalo Bonadeo. Congreso de Líderes Deportivos 2012 en Buenos Aires y Rosario.</a><br />
<a href="https://www.youtube.com/watch?v=smxk2xpHC8w" target="_blank" rel="noopener">-Expo Boca. Noviembre 2016</a><br />
<a href="https://www.youtube.com/watch?v=jz0S_Wq6UVs">-Marcos Di Palma Fan Day. 2011</a><br />
-La Carrera del Año. Top Race. Autódromo de Buenos Aires. 2008, 2009 y 2010.<br />
<a href="https://www.youtube.com/watch?v=EdRLPbruB-o" target="_blank" rel="noopener">-TN en el Vaticano. Visita de una delegación del Turismo Nacional al Papa Francisco. 2014.</a><br />
-Partido homenaje a Ariel Ortega en 9 de julio. Participación de Enzo Francescoli y otras figuras. 2013<br />
<a href="https://www.youtube.com/watch?v=mUf8lpXHCTk" target="_blank" rel="noopener">-Guinness World Record con Roberto Pettinato y Laurita Fernández. Tinturas 317.</a></p>
<p><span style="color: #ffcc00;"><strong>CONTRATACIONES DE DEPORTISTAS</strong></span></p>
<p>-Martín Palermo. Charla para Laboratorio Merck.<br />
-Martín Palermo. Ciclo de charlas y exhibiciones para la Municipalidad de San Miguel<br />
-Martín Palermo. Charla para la Municipalidad de Saladillo.<br />
-Martín Palermo. Charla, exhibición y clínica para Knauff. Ciudad de Buenos Aires.<br />
<a href="https://www.youtube.com/watch?v=TNLmQIoLJ_o" target="_blank" rel="noopener">-Daniel Osvaldo y Roberto Pettinato. Participación en la campaña El TN pinta bien.</a><br />
<a href="https://www.youtube.com/watch?v=W1XQA-CKz6U" target="_blank" rel="noopener">-Cachito Vigil. Charla en la Universidad Nacional del Litoral.</a><br />
-Juan Pablo Varsky. Locución para Waze, aplicación de Google.<br />
-Alejandro Fantino, Oscar Ruggeri y Rifle Varela. Charla sobre la violencia en el Congreso Nacional.<br />
-Oscar Ruggeri. Campaña de Comunicación Interna para Knorr con videos motivacionales.<br />
-Oscar y Candela Ruggeri. Charla para Knorr en Los Cardales.<br />
-Eber Ludueña, Horacio Elizondo y Eduardo Sacheri para Banco Hipotecario.<br />
-Marcos Di Palma. Campaña publicitaria para tinturas 317.<br />
-Marcos Di Palma. Charla y competencia de karting para Intel y Lenovo.<br />
<a href="https://www.youtube.com/watch?v=rKWKoKi5hr8" target="_blank" rel="noopener">-Atletas olímpicos en presentación del equipo de automovilismo Ford.</a><br />
-Felipe Pigna y Martín Wullit para Knauff en Mendoza.<br />
-Sergio Lapegüe y Rifle Varela para Knauff en Costa Salguero.<br />
-Marcos Di Palma, Jorge Griffa y Julio Lamas. Jornada Agrícola Ganadera en Rosario.<br />
<a href="https://www.youtube.com/watch?v=qcjISBnUENo" target="_blank" rel="noopener">-Irena Villa. Charla en el Hotel Boca.</a><br />
-Glorias del fútbol argentino en Fiesta del Deporte en localidad de Freire.<br />
-Glorias del fútbol argentino en evento para empresas del Grupo Newsan en el predio de la AFA.<br />
-Roberto Mouzo. Clínica y charla en la localidad de El Trébol.<br />
-Julio Lamas. Charla motivacional para equipo de automovilismo SEAT.<br />
-Las Leonas. Charla y clínica en la localidad de Chabás.<br />
-Las Leonas. Charla y clínica en Las Parejas.<br />
-Pato Fillol. Charla de trabajo en equipo y liderazgo para empresa de tecnología Druidics.<br />
-Bambino Veira. Charla y almuerzo para empleados de Danone.<br />
-Jacques Villeneuve. Participación en la Carrera del Año de Top Race.</p>
<p><span style="color: #ffcc00;"><strong>MEDIOS</strong></span></p>
<p><a href="https://www.youtube.com/playlist?list=PLml081v9K13yU8cOsdaKgckE7D3p39Nz_" target="_blank" rel="noopener">-Tus Idolos TV en canal Metro</a><br />
-Revista Tus Idolos<br />
-Suplementos en diario Olé<br />
-Revista Corsa</p>

<p>Las más prestigiosas empresas, gobiernos e instituciones deportivas confiaron en nosotros para la realización de distintas acciones, espectáculos y campañas.</p>
