{"id":489,"date":"2017-02-13T17:21:43","date_gmt":"2017-02-13T17:21:43","guid":{"rendered":"http:\/\/www.urion.com.ar\/ti17\/?page_id=489"},"modified":"2017-02-14T13:59:14","modified_gmt":"2017-02-14T13:59:14","slug":"julio-lamas","status":"publish","type":"page","link":"https:\/\/www.tusidolos.com\/?page_id=489","title":{"rendered":"Julio Lamas"},"content":{"rendered":"<p>El ex entrenador de la Selecci\u00f3n es un ejemplo de trabajo en equipo y conducci\u00f3n, con figuras como Gin\u00f3bili, Scola y Nocioni.<\/p>\n<p>Su capacidad para manejar a estrellas del nivel de Manu Gin\u00f3bili, Luis Scola, el Chapu Nocioni o Pepe S\u00e1nchez son hoy su gran carta de presentaci\u00f3n.<\/p>\n<p>Lamas dirigi\u00f3 a los principales clubes de b\u00e1squet de la Argentina y en su curr\u00edculum, entre otros equipos europeos, figura el prestigioso Real Madrid. Por los resultados logrados, y sobre todo por su estupenda imagen, es un referente del b\u00e1squet a nivel mundial.<\/p>\n<p>Las empresas conf\u00edan permanentemente en Julio Lamas para capacitar a sus empleados. Trabajo en equipo, Liderazgo, Motivaci\u00f3n, Manejo de Recursos y Gesti\u00f3n Integral son algunos de los \u00edtems en los que se destaca como orador.<\/p>\n<p><img loading=\"lazy\" decoding=\"async\" class=\"alignnone  wp-image-635\" src=\"http:\/\/www.urion.com.ar\/ti17\/wp-content\/uploads\/2017\/02\/lamas-1-300x225.jpg\" alt=\"\" width=\"807\" height=\"605\" srcset=\"https:\/\/www.tusidolos.com\/wp-content\/uploads\/2017\/02\/lamas-1-300x225.jpg 300w, https:\/\/www.tusidolos.com\/wp-content\/uploads\/2017\/02\/lamas-1.jpg 620w\" sizes=\"auto, (max-width: 807px) 100vw, 807px\" \/><\/p>\n","protected":false},"excerpt":{"rendered":"<p>El ex entrenador de la Selecci\u00f3n es un ejemplo de trabajo en equipo y conducci\u00f3n, con figuras como Gin\u00f3bili, Scola y Nocioni. Su capacidad para manejar a estrellas del nivel de Manu Gin\u00f3bili, Luis Scola, el Chapu Nocioni o Pepe S\u00e1nchez son hoy su gran carta de presentaci\u00f3n. Lamas dirigi\u00f3<\/p>\n","protected":false},"author":2,"featured_media":610,"parent":447,"menu_order":0,"comment_status":"closed","ping_status":"closed","template":"","meta":{"footnotes":""},"class_list":["post-489","page","type-page","status-publish","has-post-thumbnail","hentry"],"aioseo_notices":[],"_links":{"self":[{"href":"https:\/\/www.tusidolos.com\/index.php?rest_route=\/wp\/v2\/pages\/489","targetHints":{"allow":["GET"]}}],"collection":[{"href":"https:\/\/www.tusidolos.com\/index.php?rest_route=\/wp\/v2\/pages"}],"about":[{"href":"https:\/\/www.tusidolos.com\/index.php?rest_route=\/wp\/v2\/types\/page"}],"author":[{"embeddable":true,"href":"https:\/\/www.tusidolos.com\/index.php?rest_route=\/wp\/v2\/users\/2"}],"replies":[{"embeddable":true,"href":"https:\/\/www.tusidolos.com\/index.php?rest_route=%2Fwp%2Fv2%2Fcomments&post=489"}],"version-history":[{"count":2,"href":"https:\/\/www.tusidolos.com\/index.php?rest_route=\/wp\/v2\/pages\/489\/revisions"}],"predecessor-version":[{"id":636,"href":"https:\/\/www.tusidolos.com\/index.php?rest_route=\/wp\/v2\/pages\/489\/revisions\/636"}],"up":[{"embeddable":true,"href":"https:\/\/www.tusidolos.com\/index.php?rest_route=\/wp\/v2\/pages\/447"}],"wp:featuredmedia":[{"embeddable":true,"href":"https:\/\/www.tusidolos.com\/index.php?rest_route=\/wp\/v2\/media\/610"}],"wp:attachment":[{"href":"https:\/\/www.tusidolos.com\/index.php?rest_route=%2Fwp%2Fv2%2Fmedia&parent=489"}],"curies":[{"name":"wp","href":"https:\/\/api.w.org\/{rel}","templated":true}]}}